{"id":5975,"date":"2026-03-27T17:41:56","date_gmt":"2026-03-27T22:41:56","guid":{"rendered":"https:\/\/cristalcolorfz.com.co\/index.php\/producto\/suero-facial-bioaqua-arroz-x100ml\/"},"modified":"2026-03-27T17:41:56","modified_gmt":"2026-03-27T22:41:56","slug":"suero-facial-bioaqua-arroz-x100ml","status":"publish","type":"product","link":"https:\/\/cristalcolorfz.com.co\/index.php\/producto\/suero-facial-bioaqua-arroz-x100ml\/","title":{"rendered":"Tonico Vitamina C Bioaqua"},"content":{"rendered":"<p>\u2728 Luminosidad natural: Ayuda a iluminar y unificar el tono de la piel.<\/p>\n<p>\ud83d\udca7 Hidrataci\u00f3n ligera: Nutre la piel sin sensaci\u00f3n grasa, dej\u00e1ndola suave y fresca.<\/p>\n<p>\ud83c\udf3f Propiedades antioxidantes: Protege la piel de los radicales libres y signos de fatiga.<\/p>\n<p>\ud83d\udd04 T<\/p>\n","protected":false},"excerpt":{"rendered":"<p>\u2728 Luminosidad natural: Ayuda a iluminar y unificar el tono de la piel. \ud83d\udca7 Hidrataci\u00f3n ligera: Nutre la piel sin sensaci\u00f3n grasa, dej\u00e1ndola suave y fresca. \ud83c\udf3f Propiedades antioxidantes: Protege la piel de los radicales libres y signos de fatiga. \ud83d\udd04 T<\/p>\n","protected":false},"featured_media":5974,"template":"","meta":{"site-sidebar-layout":"default","site-content-layout":"default","ast-global-header-display":"","ast-banner-title-visibility":"","ast-main-header-display":"","ast-hfb-above-header-display":"","ast-hfb-below-header-display":"","ast-hfb-mobile-header-display":"","site-post-title":"","ast-breadcrumbs-content":"","ast-featured-img":"","footer-sml-layout":"","theme-transparent-header-meta":"","adv-header-id-meta":"","stick-header-meta":"","header-above-stick-meta":"","header-main-stick-meta":"","header-below-stick-meta":""},"product_brand":[],"product_cat":[46],"product_tag":[],"class_list":{"0":"post-5975","1":"product","2":"type-product","3":"status-publish","4":"has-post-thumbnail","6":"product_cat-73-cuidado-facial","7":"desktop-align-left","8":"tablet-align-left","9":"mobile-align-left","10":"ast-product-gallery-layout-horizontal-slider","11":"ast-product-gallery-with-no-image","13":"first","14":"instock","15":"shipping-taxable","16":"purchasable","17":"product-type-simple"},"jetpack_sharing_enabled":true,"_links":{"self":[{"href":"https:\/\/cristalcolorfz.com.co\/index.php\/wp-json\/wp\/v2\/product\/5975","targetHints":{"allow":["GET"]}}],"collection":[{"href":"https:\/\/cristalcolorfz.com.co\/index.php\/wp-json\/wp\/v2\/product"}],"about":[{"href":"https:\/\/cristalcolorfz.com.co\/index.php\/wp-json\/wp\/v2\/types\/product"}],"wp:featuredmedia":[{"embeddable":true,"href":"https:\/\/cristalcolorfz.com.co\/index.php\/wp-json\/wp\/v2\/media\/5974"}],"wp:attachment":[{"href":"https:\/\/cristalcolorfz.com.co\/index.php\/wp-json\/wp\/v2\/media?parent=5975"}],"wp:term":[{"taxonomy":"product_brand","embeddable":true,"href":"https:\/\/cristalcolorfz.com.co\/index.php\/wp-json\/wp\/v2\/product_brand?post=5975"},{"taxonomy":"product_cat","embeddable":true,"href":"https:\/\/cristalcolorfz.com.co\/index.php\/wp-json\/wp\/v2\/product_cat?post=5975"},{"taxonomy":"product_tag","embeddable":true,"href":"https:\/\/cristalcolorfz.com.co\/index.php\/wp-json\/wp\/v2\/product_tag?post=5975"}],"curies":[{"name":"wp","href":"https:\/\/api.w.org\/{rel}","templated":true}]}}