{"id":5826,"date":"2026-03-27T17:38:29","date_gmt":"2026-03-27T22:38:29","guid":{"rendered":"https:\/\/cristalcolorfz.com.co\/index.php\/producto\/lapiz-para-ojos-lula-en-gel\/"},"modified":"2026-04-01T11:19:22","modified_gmt":"2026-04-01T16:19:22","slug":"lapiz-para-ojos-lula-en-gel","status":"publish","type":"product","link":"https:\/\/cristalcolorfz.com.co\/index.php\/producto\/lapiz-para-ojos-lula-en-gel\/","title":{"rendered":"Base Matte Liquida Ame"},"content":{"rendered":"<p>Definir la l\u00ednea de pesta\u00f1as o la l\u00ednea de agua con color intenso.<\/p>\n<p>Crear looks originales: puedes difuminar para un efecto smokey o usarlos como base para sombras o detalles creativos.<\/p>\n<p>Colores de impacto que expresan tu estilo y \u201cmood\u201d del d\u00eda.<\/p>\n<p>\ud83d\udc49<\/p>\n","protected":false},"excerpt":{"rendered":"<p>Definir la l\u00ednea de pesta\u00f1as o la l\u00ednea de agua con color intenso. Crear looks originales: puedes difuminar para un efecto smokey o usarlos como base para sombras o detalles creativos. Colores de impacto que expresan tu estilo y \u201cmood\u201d del d\u00eda. \ud83d\udc49<\/p>\n","protected":false},"featured_media":6427,"template":"","meta":{"site-sidebar-layout":"default","site-content-layout":"default","ast-global-header-display":"","ast-banner-title-visibility":"","ast-main-header-display":"","ast-hfb-above-header-display":"","ast-hfb-below-header-display":"","ast-hfb-mobile-header-display":"","site-post-title":"","ast-breadcrumbs-content":"","ast-featured-img":"","footer-sml-layout":"","theme-transparent-header-meta":"","adv-header-id-meta":"","stick-header-meta":"","header-above-stick-meta":"","header-main-stick-meta":"","header-below-stick-meta":""},"product_brand":[],"product_cat":[87],"product_tag":[],"class_list":{"0":"post-5826","1":"product","2":"type-product","3":"status-publish","4":"has-post-thumbnail","6":"product_cat-86-pojos","7":"desktop-align-left","8":"tablet-align-left","9":"mobile-align-left","10":"ast-product-gallery-layout-horizontal-slider","11":"ast-product-gallery-with-no-image","13":"first","14":"instock","15":"shipping-taxable","16":"purchasable","17":"product-type-simple"},"jetpack_sharing_enabled":true,"_links":{"self":[{"href":"https:\/\/cristalcolorfz.com.co\/index.php\/wp-json\/wp\/v2\/product\/5826","targetHints":{"allow":["GET"]}}],"collection":[{"href":"https:\/\/cristalcolorfz.com.co\/index.php\/wp-json\/wp\/v2\/product"}],"about":[{"href":"https:\/\/cristalcolorfz.com.co\/index.php\/wp-json\/wp\/v2\/types\/product"}],"wp:featuredmedia":[{"embeddable":true,"href":"https:\/\/cristalcolorfz.com.co\/index.php\/wp-json\/wp\/v2\/media\/6427"}],"wp:attachment":[{"href":"https:\/\/cristalcolorfz.com.co\/index.php\/wp-json\/wp\/v2\/media?parent=5826"}],"wp:term":[{"taxonomy":"product_brand","embeddable":true,"href":"https:\/\/cristalcolorfz.com.co\/index.php\/wp-json\/wp\/v2\/product_brand?post=5826"},{"taxonomy":"product_cat","embeddable":true,"href":"https:\/\/cristalcolorfz.com.co\/index.php\/wp-json\/wp\/v2\/product_cat?post=5826"},{"taxonomy":"product_tag","embeddable":true,"href":"https:\/\/cristalcolorfz.com.co\/index.php\/wp-json\/wp\/v2\/product_tag?post=5826"}],"curies":[{"name":"wp","href":"https:\/\/api.w.org\/{rel}","templated":true}]}}