{"id":3377,"date":"2024-05-28T15:40:36","date_gmt":"2024-05-28T20:40:36","guid":{"rendered":"https:\/\/cristalcolorfz.com.co\/?page_id=3377"},"modified":"2024-05-28T15:42:13","modified_gmt":"2024-05-28T20:42:13","slug":"nosotros","status":"publish","type":"page","link":"https:\/\/cristalcolorfz.com.co\/index.php\/nosotros\/","title":{"rendered":"Qui\u00e9nes Somos"},"content":{"rendered":"\t\t<div data-elementor-type=\"wp-page\" data-elementor-id=\"3377\" class=\"elementor elementor-3377\" data-elementor-post-type=\"page\">\n\t\t\t\t\t\t<section class=\"elementor-section elementor-top-section elementor-element elementor-element-310334b elementor-section-boxed elementor-section-height-default elementor-section-height-default\" data-id=\"310334b\" data-element_type=\"section\" data-settings=\"{&quot;wdt_bg_image&quot;:{&quot;url&quot;:&quot;&quot;,&quot;id&quot;:&quot;&quot;,&quot;size&quot;:&quot;&quot;},&quot;wdt_bg_image_tablet&quot;:{&quot;url&quot;:&quot;&quot;,&quot;id&quot;:&quot;&quot;,&quot;size&quot;:&quot;&quot;},&quot;wdt_bg_image_mobile&quot;:{&quot;url&quot;:&quot;&quot;,&quot;id&quot;:&quot;&quot;,&quot;size&quot;:&quot;&quot;},&quot;wdt_bg_position&quot;:&quot;center center&quot;,&quot;wdt_animation_effect&quot;:&quot;none&quot;}\">\n\t\t\t\t\t\t<div class=\"elementor-container elementor-column-gap-default\">\n\t\t\t\t\t<div class=\"elementor-column elementor-col-100 elementor-top-column elementor-element elementor-element-d01ab5b\" data-id=\"d01ab5b\" data-element_type=\"column\">\n\t\t\t<div class=\"elementor-widget-wrap elementor-element-populated\">\n\t\t\t\t\t\t<div class=\"elementor-element elementor-element-cc532db elementor-widget elementor-widget-heading\" data-id=\"cc532db\" data-element_type=\"widget\" data-settings=\"{&quot;wdt_animation_effect&quot;:&quot;none&quot;}\" data-widget_type=\"heading.default\">\n\t\t\t\t<div class=\"elementor-widget-container\">\n\t\t\t\t\t<h2 class=\"elementor-heading-title elementor-size-default\">Quienes Somos<\/h2>\t\t\t\t<\/div>\n\t\t\t\t<\/div>\n\t\t\t\t<div class=\"elementor-element elementor-element-75d968c elementor-widget elementor-widget-text-editor\" data-id=\"75d968c\" data-element_type=\"widget\" data-settings=\"{&quot;wdt_animation_effect&quot;:&quot;none&quot;}\" data-widget_type=\"text-editor.default\">\n\t\t\t\t<div class=\"elementor-widget-container\">\n\t\t\t\t\t\t\t\t\t<p>Somos una empresa multimarcas dedicada a distribuir productos dise\u00f1ados especialmente para la mujer. Nos enfocamos principalmente en maquillaje y cuidado facial, pero con el tiempo hemos descubierto que nuestras clientas aman mucho m\u00e1s que solo el maquillaje.<\/p><p>Por eso, hemos ampliado nuestro portafolio para ofrecerte una gama m\u00e1s amplia de productos. Entre nuestros principales productos, encontrar\u00e1s:<\/p><p>&#8211; Maquillaje de calidad excepcional para resaltar tu belleza.<br \/>&#8211; Cuidado facial para mantener tu piel radiante y saludable.<br \/>&#8211; Productos para el hogar que a\u00f1aden un toque especial a tu espacio.<\/p><p>Nuestro objetivo siempre ha sido tener una relaci\u00f3n directa entre precio y calidad, para que nuestros clientes se sientan tranquilos con sus compras.<\/p><p>Cristal Color naci\u00f3 de la necesidad de crear un lugar donde puedas comprar con confianza, sabiendo que est\u00e1s obteniendo productos de alta calidad a un precio inigualable.<\/p><p>Somos dos hermanas que dan lo mejor de s\u00ed para brindar un gran servicio y asegurarnos de que nuestros clientes est\u00e9n satisfechos con la calidad que ofrecemos. Nos apoyamos en nuestros padres, quienes tambi\u00e9n comparten nuestra pasi\u00f3n por ofrecer un servicio excepcional.<\/p><p>Nos enorgullece estar presentes en las principales plataformas de redes sociales como Facebook, Instagram y TikTok, donde compartimos nuestro trabajo y nuestros valores con amor y dedicaci\u00f3n. \u00danete a nuestra comunidad y descubre todo lo que tenemos para ofrecerte.<\/p>\t\t\t\t\t\t\t\t<\/div>\n\t\t\t\t<\/div>\n\t\t\t\t\t<\/div>\n\t\t<\/div>\n\t\t\t\t\t<\/div>\n\t\t<\/section>\n\t\t\t\t<\/div>\n\t\t","protected":false},"excerpt":{"rendered":"<p>Quienes Somos Somos una empresa multimarcas dedicada a distribuir productos dise\u00f1ados especialmente para la mujer. Nos enfocamos principalmente en maquillaje y cuidado facial, pero con el tiempo hemos descubierto que nuestras clientas aman mucho m\u00e1s que solo el maquillaje. Por eso, hemos ampliado nuestro portafolio para ofrecerte una gama m\u00e1s amplia de productos. Entre nuestros &hellip;<\/p>\n<p class=\"read-more\"> <a class=\"\" href=\"https:\/\/cristalcolorfz.com.co\/index.php\/nosotros\/\"> <span class=\"screen-reader-text\">Qui\u00e9nes Somos<\/span> Read More \u00bb<\/a><\/p>\n","protected":false},"author":1,"featured_media":0,"parent":0,"menu_order":0,"comment_status":"closed","ping_status":"closed","template":"","meta":{"site-sidebar-layout":"no-sidebar","site-content-layout":"page-builder","ast-global-header-display":"","ast-banner-title-visibility":"","ast-main-header-display":"","ast-hfb-above-header-display":"","ast-hfb-below-header-display":"","ast-hfb-mobile-header-display":"","site-post-title":"disabled","ast-breadcrumbs-content":"","ast-featured-img":"disabled","footer-sml-layout":"","theme-transparent-header-meta":"","adv-header-id-meta":"","stick-header-meta":"","header-above-stick-meta":"","header-main-stick-meta":"","header-below-stick-meta":"","footnotes":""},"class_list":["post-3377","page","type-page","status-publish","hentry"],"jetpack_sharing_enabled":true,"_links":{"self":[{"href":"https:\/\/cristalcolorfz.com.co\/index.php\/wp-json\/wp\/v2\/pages\/3377","targetHints":{"allow":["GET"]}}],"collection":[{"href":"https:\/\/cristalcolorfz.com.co\/index.php\/wp-json\/wp\/v2\/pages"}],"about":[{"href":"https:\/\/cristalcolorfz.com.co\/index.php\/wp-json\/wp\/v2\/types\/page"}],"author":[{"embeddable":true,"href":"https:\/\/cristalcolorfz.com.co\/index.php\/wp-json\/wp\/v2\/users\/1"}],"replies":[{"embeddable":true,"href":"https:\/\/cristalcolorfz.com.co\/index.php\/wp-json\/wp\/v2\/comments?post=3377"}],"version-history":[{"count":4,"href":"https:\/\/cristalcolorfz.com.co\/index.php\/wp-json\/wp\/v2\/pages\/3377\/revisions"}],"predecessor-version":[{"id":3381,"href":"https:\/\/cristalcolorfz.com.co\/index.php\/wp-json\/wp\/v2\/pages\/3377\/revisions\/3381"}],"wp:attachment":[{"href":"https:\/\/cristalcolorfz.com.co\/index.php\/wp-json\/wp\/v2\/media?parent=3377"}],"curies":[{"name":"wp","href":"https:\/\/api.w.org\/{rel}","templated":true}]}}